 the prime factors of a(-7)?
7
Let s be (-60)/(-14) + 12/(-42). Let v(k) = 12*k + 5. List the prime factors of v(s).
53
Let s(a) = 46*a - 73. What are the prime factors of s(6)?
7, 29
Let v(h) be the second derivative of -h**4/12 - 7*h**3/6 + h**2/2 + 2*h. Let b(j) be the first derivative of v(j). List the prime factors of b(-6).
5
Let m = 5 + 1. What are the prime factors of (-128)/(-6)*m/4?
2
Suppose -5*y = -2*y - 2*i - 105, -3*y + 5*i = -114. What are the prime factors of y?
3, 11
Let r = -20 - -107. What are the prime factors of r?
3, 29
List the prime factors of (-564)/(-18) - 2/6.
31
Let k = 18 + -10. Let j(w) = 7*w**3 + w**2 - w + 1. Let t be j(1). Suppose -4*u = -k - t. What are the prime factors of u?
2
Let d be (0 - 1)*(2 + -5). Suppose -d - 5 = -j. List the prime factors of j.
2
Let i = 22 - -94. Suppose -5*r = -9*r + i. List the prime factors of r.
29
Suppose 5*x - 1 = 9. Let h = x - 2. Let n = 6 + h. What are the prime factors of n?
2, 3
Let c(f) = -2*f - 21. List the prime factors of c(-14).
7
Let t = -62 - -134. List the prime factors of t.
2, 3
Let n = 122 - -22. List the prime factors of n.
2, 3
Suppose 0 = -4*l + 8 + 8. Suppose l*p = -4, 0 = -2*v - 2*p - 12 + 44. List the prime factors of v.
17
Let o(r) = -2*r - 8. Let s be o(-6). Suppose -s*k + 5 + 7 = 0. What are the prime factors of k?
3
Suppose -63 = -n - 0*s + s, 0 = -5*n + 3*s + 311. Suppose 5*a - 3*a = 3*x - n, 5*x = -a + 119. List the prime factors of x.
23
Suppose -g = -4*l + g + 90, 0 = 3*l - 5*g - 85. Let s = l + 2. Let h = -15 + s. What are the prime factors of h?
7
Let s be ((-6)/1)/(6/(-4)). Suppose 0 = 2*y - 0*y + s*j - 20, -4*y - 3*j = -20. Suppose -22 = -2*i - 0*i + y*o, i + 19 = -5*o. List the prime factors of i.
2, 3
Let x = 11 - 6. Suppose -x*h + 2*h = 2*r - 14, r - 5*h = 33. List the prime factors of r.
13
Let x be (-2 - 2/(-4))*-2. Suppose -a - x*a = -16. Suppose 0 = -a*n - 4 + 16. What are the prime factors of n?
3
Let x(q) = -q**3 - 4*q**2 + 2*q - 5. Let f(a) = -a**2 - 1. Let g be (3 + 0)*-1 - -2. Let i(d) = g*x(d) - 2*f(d). List the prime factors of i(-6).
19
Suppose -16 = -x - 0*x. Let n = 4 + 1. Suppose u - 2*y = 10, -n*y - x = -4*u + 36. What are the prime factors of u?
2, 3
List the prime factors of 134/12 - (-9)/(-54).
11
Suppose 4*z + 3*c = 5*z - 49, 3*z - 127 = -c. What are the prime factors of z?
43
Suppose 2*i + 64 = 4*i. What are the prime factors of i?
2
Let q be (-113 - 1)*(-1)/3. Suppose -4*v - 6*p + q = -3*p, -2*v = -2*p - 12. What are the prime factors of v?
2
Let g = 6 - 7. List the prime factors of (g - 8)*(-5)/3.
3, 5
Let c(p) = -p. Let s be c(2). Let y(d) = 3*d + 0 - 2 - 9*d. What are the prime factors of y(s)?
2, 5
Suppose -i = 6*g - g + 14, -5*i - 5*g = 10. Let s(j) = 24*j**3 - 1. List the prime factors of s(i).
23
Let g = 301 - 156. List the prime factors of g.
5, 29
Suppose 4*p = -3*h, 0 = -5*h - 4*p + p. Suppose h = -4*o - 4*z + 40, -o + 15 = 3*o - z. What are the prime factors of 1*-1*o*-1?
5
Let x = 386 + -251. What are the prime factors of x?
3, 5
Suppose 2*p + 0*p + 24 = 0. Let r(w) = -w - 10. List the prime factors of r(p).
2
Suppose 9*x - 540 = 3*x. What are the prime factors of x?
2, 3, 5
Let w(l) be the third derivative of l**5/60 + l**4/4 + l**3 - 2*l**2. List the prime factors of w(-6).
2, 3
Let z = 42 - 20. List the prime factors of z.
2, 11
Let l be 5*(-7)/(140/(-16)). What are the prime factors of 603/21 + l/14?
29
Let i(h) = 2*h**2 - 19*h + 15. What are the prime factors of i(13)?
2, 53
Let w be (12/10)/(2/5). Suppose -2*d - w*d + 35 = 0. What are the prime factors of d?
7
Let v be 5/(-25) + (-52)/(-10). Suppose -v = z - 37. List the prime factors of z.
2
Let x(q) be the third derivative of -q**4/24 + 3*q**3/2 + q**2. Let m be x(6). Suppose -2*j = 2*w - 0*w - 18, -m*w = 0. What are the prime factors of j?
3
Suppose 2*g = -21*g + 5313. What are the prime factors of g?
3, 7, 11
Let f = 34 + 0. Suppose -3*r + 2*r = -f. What are the prime factors of r?
2, 17
Suppose -5*u + 599 = -w, -2*u = -3*w + 2*w - 239. What are the prime factors of u?
2, 3, 5
Let m(c) = -5*c**2 + 4*c - 2. Let z be m(2). Let x = 24 + z. Suppose -3*y + 4*y - x = 0. List the prime factors of y.
2, 5
Let f be (7 + 0)*24/14. List the prime factors of 29/3 - f/18.
3
Let c(b) = b + 9. Suppose 7*z = 3*z + 48. List the prime factors of c(z).
3, 7
Let m(l) = -l - 5. Let o be m(-7). Let w(p) = -2*p + p**2 - 7*p + 3 + 5*p + 0*p**o. List the prime factors of w(4).
3
Suppose -2*l - l = 5*m - 65, -m + 4*l = 10. Suppose 4*b + 2 = m. Suppose -2*v = -3*k + 31, v - 16 - 7 = -b*k. What are the prime factors of k?
11
Let j = 209 - 45. What are the prime factors of j?
2, 41
Let o(q) = 15*q**3 - 2*q - 1. Let i(n) = n**3 - n. Let h(g) = -2*i(g) + o(g). What are the prime factors of h(1)?
2, 3
Let f(v) = v**2 + 12*v + 3. What are the prime factors of f(6)?
3, 37
Suppose 0*n = -5*n + 85. Suppose 0 = c - 2*c - g - 9, 4*c + 2*g = -36. Let f = c + n. List the prime factors of f.
2
Let h = 31 - 12. List the prime factors of h.
19
What are the prime factors of (40/(-14))/(12/(-42))?
2, 5
Suppose 0*a = 5*a - 470. List the prime factors of a.
2, 47
Suppose -5*b + 22 = 3*c, -2*c + 1 = b - 2. Let f = b + 2. List the prime factors of f.
7
Let n(k) be the first derivative of 4 - 7/2*k**2 - 6*k - 1/3*k**3. List the prime factors of n(-5).
2
Let z(v) = 5*v + v + 4 - 3. List the prime factors of z(1).
7
Suppose 0 = -3*g + 1 + 32. Let u = 18 - g. What are the prime factors of u?
7
Let q be (4/8)/((-1)/(-16)). Suppose -20 = -q*a + 3*a. Suppose -a*n + 29 = -27. What are the prime factors of n?
2, 7
What are the prime factors of (20/24)/((-1)/(-30))?
5
Let c(g) = -g**2 - 5*g - 4. Let m be c(-3). Suppose m*b - 90 = -b. List the prime factors of b.
2, 3, 5
Let x be 5/(-2)*(-2 - 0). Let r(k) = -k**2 + 8*k + 2. Let l be r(x). Suppose -15 - l = -2*n. List the prime factors of n.
2
Let k(q) = -q**3 + 5*q**2 + 6*q + 3. Let i be k(6). Let g be 0/(1/(-3)*-3). Suppose i*j - 9 - 3 = g. List the prime factors of j.
2
List the prime factors of 12/16 + (-3444)/(-16).
2, 3
Let b(j) = j**3 + 6*j**2 + 3. Let n be b(-6). List the prime factors of (-13)/(-2)*6/n.
13
Let p = 9 - 7. Let y be 1*(3 - p)*11. Suppose k + y + 16 = 3*a, 0 = -2*k - 6. List the prime factors of a.
2
List the prime factors of (56/16 + -3)*(106 - 0).
53
Let l(z) = 3*z**2 - 2. Let o(y) = 2*y + 8. Let t be o(-5). What are the prime factors of l(t)?
2, 5
Let q be 6/9*156/(-8). Let d = 5 - q. What are the prime factors of d?
2, 3
Let u = -31 + 92. List the prime factors of u.
61
Suppose 2*q + 2 - 12 = 0. Suppose 0 = q*k + 10, -4*v + 20 + 6 = -k. Let r(x) = 2*x - 4. What are the prime factors of r(v)?
2
Let f(q) = -14*q - 6 - q**2 + 2*q + 0*q**2 - 5. Let r = -15 - -5. What are the prime factors of f(r)?
3
Suppose -2*l - 22 = -4. What are the prime factors of 5/((-5)/l)*1?
3
Suppose -l + 0*y - 3*y + 60 = 0, -3*l + 164 = 5*y. What are the prime factors of l?
2, 3
Let a(q) be the first derivative of -q**2/2 + 11*q - 3. Let x be a(11). Suppose x = -3*f + 15 - 0. What are the prime factors of f?
5
Suppose 2*i + 3*i - 285 = 0. List the prime factors of (1/3)/(1/i).
19
Let x(p) = p**2 - 5*p - 3. Let l be x(6). Suppose 2*i = j - 13, 2*j = 8*i - l*i + 24. List the prime factors of j.
17
Let g(h) = -18*h. List the prime factors of g(-1).
2, 3
Suppose 0 = 2*k + 2*k + 20. Let t(q) = 2*q + 7. Let w be t(-5). Let c = w - k. What are the prime factors of c?
2
Suppose -12 = -4*f - 3*d + 8, 5*d - 20 = 0. Suppose -7*w + f*w - 4*m = -111, 5*w - 118 = 3*m. List the prime factors of w.
23
Suppose 3 + 5 = 4*q. Let p be q + 0*(-1)/2. Suppose -w - 5*h = -7, 4*h - 12 = -p*w - 2*w. What are the prime factors of w?
2
Let i = -6 + 4. Let g be 4*1 + (-1 - -2). Let z = i + g. What are the prime factors of z?
3
Suppose -2*p - p - 9 = 0. Let h(s) = 2*s**2 - 8*s + 19. Let g(c) = c**2 - 4*c + 9. Let u(t) = p*h(t) + 7*g(t). List the prime factors of u(4).
2, 3
Suppose -10 = 5*c, -5*c + c = 2*u - 762. List the prime factors of u.
5, 7, 11
Let c(l) = -29*l - 1. Let p be c(-4). Suppose 3*y = -34 + p. Suppose -u = 5*h - y, u + 4*u + 4*h - 51 = 0. List the prime factors of u.
7
Let h(x) = 8*x**2 + 2*x. What are the prime factors of h(4)?
2, 17
Suppose j = -0 + 6. Let u(y) = y